{"id":10,"date":"2025-09-08T18:03:54","date_gmt":"2025-09-08T18:03:54","guid":{"rendered":"https:\/\/molcsinamassage.hu\/?page_id=10"},"modified":"2025-09-09T13:51:28","modified_gmt":"2025-09-09T13:51:28","slug":"rolam","status":"publish","type":"page","link":"https:\/\/molcsinamassage.hu\/index.php\/rolam\/","title":{"rendered":"R\u00f3lam"},"content":{"rendered":"<p>[et_pb_section fb_built=&#8221;1&#8243; admin_label=&#8221;Header&#8221; _builder_version=&#8221;4.27.4&#8243; _module_preset=&#8221;81eeec1a-ed6e-443b-8cf5-1821dacd7cff&#8221; background_image=&#8221;https:\/\/molcsinamassage.hu\/wp-content\/uploads\/2025\/09\/pexels-olly-3757952-scaled.jpg&#8221; parallax=&#8221;on&#8221; parallax_method=&#8221;off&#8221; locked=&#8221;off&#8221; collapsed=&#8221;on&#8221; global_colors_info=&#8221;{}&#8221;][et_pb_row _builder_version=&#8221;4.27.4&#8243; _module_preset=&#8221;default&#8221; global_colors_info=&#8221;{}&#8221;][et_pb_column type=&#8221;4_4&#8243; _builder_version=&#8221;4.27.4&#8243; _module_preset=&#8221;default&#8221; global_colors_info=&#8221;{}&#8221;][et_pb_heading title=&#8221;R\u00d3LAM&#8221; _builder_version=&#8221;4.27.4&#8243; _module_preset=&#8221;4094f326-9c18-403c-ba8b-bd63ceb0333d&#8221; title_text_align=&#8221;center&#8221; title_text_color=&#8221;#FFFFFF&#8221; custom_margin=&#8221;||10px||false|false&#8221; global_colors_info=&#8221;{}&#8221;][\/et_pb_heading][et_pb_image src=&#8221;https:\/\/startersites2.divi.support\/hair-salon\/wp-content\/uploads\/sites\/9\/2025\/01\/hair-salon-illuistration-02.png&#8221; title_text=&#8221;hair-salon-illuistration-02&#8243; _builder_version=&#8221;4.27.4&#8243; _module_preset=&#8221;default&#8221; max_width=&#8221;110px&#8221; module_alignment=&#8221;center&#8221; locked=&#8221;off&#8221; global_colors_info=&#8221;{}&#8221;][\/et_pb_image][et_pb_text _builder_version=&#8221;4.27.4&#8243; _module_preset=&#8221;4b16c690-7051-4d90-a16e-5b269ae769b7&#8243; text_orientation=&#8221;center&#8221; max_width=&#8221;700px&#8221; module_alignment=&#8221;center&#8221; global_colors_info=&#8221;{}&#8221;][\/et_pb_text][\/et_pb_column][\/et_pb_row][\/et_pb_section][et_pb_section fb_built=&#8221;1&#8243; admin_label=&#8221;About&#8221; _builder_version=&#8221;4.27.4&#8243; _module_preset=&#8221;default&#8221; locked=&#8221;off&#8221; collapsed=&#8221;on&#8221; global_colors_info=&#8221;{}&#8221;][et_pb_row column_structure=&#8221;1_3,2_3&#8243; _builder_version=&#8221;4.27.4&#8243; _module_preset=&#8221;default&#8221; global_colors_info=&#8221;{}&#8221;][et_pb_column type=&#8221;1_3&#8243; _builder_version=&#8221;4.27.4&#8243; _module_preset=&#8221;default&#8221; global_colors_info=&#8221;{}&#8221;][et_pb_image src=&#8221;https:\/\/molcsinamassage.hu\/wp-content\/uploads\/2025\/09\/image0-2-scaled-e1757425122905.jpeg&#8221; title_text=&#8221;image0 (2)&#8221; _builder_version=&#8221;4.27.4&#8243; _module_preset=&#8221;default&#8221; hover_enabled=&#8221;0&#8243; global_colors_info=&#8221;{}&#8221; sticky_enabled=&#8221;0&#8243;][\/et_pb_image][\/et_pb_column][et_pb_column type=&#8221;2_3&#8243; _builder_version=&#8221;4.27.4&#8243; _module_preset=&#8221;default&#8221; global_colors_info=&#8221;{}&#8221;][et_pb_heading title=&#8221;Szia, a te massz\u0151r\u00f6d leszek!&#8221; _builder_version=&#8221;4.27.4&#8243; _module_preset=&#8221;388dffbf-e08a-484d-a59d-bcbdcc2c3531&#8243; custom_margin=&#8221;||10px||false|false&#8221; global_colors_info=&#8221;{}&#8221;][\/et_pb_heading][et_pb_text _builder_version=&#8221;4.27.4&#8243; _module_preset=&#8221;de854b54-3b74-47fc-8dc5-52a7568358d8&#8243; global_colors_info=&#8221;{}&#8221;]<\/p>\n<p>A nevem Moln\u00e1r Csilla, \u00e9s a Molcsina Massage meg\u00e1lmod\u00f3ja vagyok.<\/p>\n<p><strong>T\u00f6bb mint\u00a07 \u00e9ve dolgozom massz\u0151rk\u00e9nt<\/strong><span>, ez id\u0151 alatt pedig rengeteg tapasztalatot szereztem \u00e9s sz\u00e1mos embernek seg\u00edtettem a testi-lelki felt\u00f6lt\u0151d\u00e9sben. M\u00e1r az els\u0151 pillanatt\u00f3l kezdve tudtam, hogy a massz\u00e1zs nem csup\u00e1n egy szakma sz\u00e1momra, hanem\u00a0<\/span><strong>hivat\u00e1s \u00e9s \u00e9letforma<\/strong><span><strong>.<\/strong> Hiszek abban, hogy az \u00e9rint\u00e9s gy\u00f3gy\u00edt\u00f3 erej\u0171: oldja a fesz\u00fclts\u00e9get, harm\u00f3ni\u00e1t teremt \u00e9s seg\u00edt visszatal\u00e1lni \u00f6nmagunkhoz.<\/span><\/p>\n<p><span><\/span><\/p>\n<p><span>Folyamatosan k\u00e9pzem magam, hiszen fontos sz\u00e1momra, hogy mindig \u00fajabb \u00e9s v\u00e1ltozatosabb technik\u00e1kat tudjak k\u00edn\u00e1lni. Ez\u00e1ltal mindenki megtal\u00e1lhatja n\u00e1lam azt a massz\u00e1zst\u00edpust, amelyre \u00e9ppen sz\u00fcks\u00e9ge van \u2013 legyen az m\u00e9lyebb, izomlaz\u00edt\u00f3 kezel\u00e9s\u00a0\u00a0vagy egy wellness massz\u00e1zs<\/span><\/p>\n<p><span><\/span><\/p>\n<p><span>Sz\u00e1momra a massz\u00e1zs t\u00f6bb, mint egy kezel\u00e9s: egyfajta k\u00f6z\u00f6s utaz\u00e1s, <strong>ahol\u00a0<\/strong><\/span><span><strong>a figyelem, a nyugalom \u00e9s a gondoskod\u00e1<\/strong>s <\/span><span>van a k\u00f6z\u00e9ppontban.<\/span><\/p>\n<p>[\/et_pb_text][et_pb_button button_url=&#8221;https:\/\/molcsinamassage.hu\/index.php\/szolgaltatasok-es-arak\/&#8221; button_text=&#8221;SZOLG\u00c1LTAT\u00c1SOK&#8221; _builder_version=&#8221;4.27.4&#8243; _module_preset=&#8221;14204164-0edf-4591-905c-bd80a84cff2b&#8221; global_colors_info=&#8221;{}&#8221;][\/et_pb_button][\/et_pb_column][\/et_pb_row][\/et_pb_section]<\/p>\n","protected":false},"excerpt":{"rendered":"<p>A nevem Moln\u00e1r Csilla, \u00e9s a Molcsina Massage meg\u00e1lmod\u00f3ja vagyok. T\u00f6bb mint\u00a07 \u00e9ve dolgozom massz\u0151rk\u00e9nt, ez id\u0151 alatt pedig rengeteg tapasztalatot szereztem \u00e9s sz\u00e1mos embernek seg\u00edtettem a testi-lelki felt\u00f6lt\u0151d\u00e9sben. M\u00e1r az els\u0151 pillanatt\u00f3l kezdve tudtam, hogy a massz\u00e1zs nem csup\u00e1n egy szakma sz\u00e1momra, hanem\u00a0hivat\u00e1s \u00e9s \u00e9letforma. Hiszek abban, hogy az \u00e9rint\u00e9s gy\u00f3gy\u00edt\u00f3 erej\u0171: oldja a [&hellip;]<\/p>\n","protected":false},"author":1,"featured_media":0,"parent":0,"menu_order":0,"comment_status":"closed","ping_status":"closed","template":"","meta":{"_et_pb_use_builder":"on","_et_pb_old_content":"","_et_gb_content_width":"","footnotes":""},"class_list":["post-10","page","type-page","status-publish","hentry"],"_links":{"self":[{"href":"https:\/\/molcsinamassage.hu\/index.php\/wp-json\/wp\/v2\/pages\/10","targetHints":{"allow":["GET"]}}],"collection":[{"href":"https:\/\/molcsinamassage.hu\/index.php\/wp-json\/wp\/v2\/pages"}],"about":[{"href":"https:\/\/molcsinamassage.hu\/index.php\/wp-json\/wp\/v2\/types\/page"}],"author":[{"embeddable":true,"href":"https:\/\/molcsinamassage.hu\/index.php\/wp-json\/wp\/v2\/users\/1"}],"replies":[{"embeddable":true,"href":"https:\/\/molcsinamassage.hu\/index.php\/wp-json\/wp\/v2\/comments?post=10"}],"version-history":[{"count":6,"href":"https:\/\/molcsinamassage.hu\/index.php\/wp-json\/wp\/v2\/pages\/10\/revisions"}],"predecessor-version":[{"id":127,"href":"https:\/\/molcsinamassage.hu\/index.php\/wp-json\/wp\/v2\/pages\/10\/revisions\/127"}],"wp:attachment":[{"href":"https:\/\/molcsinamassage.hu\/index.php\/wp-json\/wp\/v2\/media?parent=10"}],"curies":[{"name":"wp","href":"https:\/\/api.w.org\/{rel}","templated":true}]}}